 6 = 0. Give f(p).
136
Let k(n) = 56*n + 235. Let d(h) = -13*h - 60. Let m(q) = -9*d(q) - 2*k(q). What is m(-12)?
10
Let k(p) be the third derivative of -p**6/120 + p**5/10 - p**4/24 - p**3/3 + 76*p**2 + p + 13. Let g be 7 - (-2)/(4/(-2)). What is k(g)?
-8
Let u = 1 - 2. Suppose -3*a + 249 = 6*m - 3*m, 2*a + 5*m = 154. Let r(i) = -a + 5*i - 93 - 92 + 361 - 88. Calculate r(u).
-4
Let o(v) be the third derivative of -v**6/60 - v**5/10 + v**4/3 - 2*v**3/3 + v**2 - 40*v + 1. Determine o(-4).
-4
Let l(g) = -5*g**3 + 4*g**2 + 6*g - 15. Let n(s) = -49*s**3 + 39*s**2 + 59*s - 148. Let r(b) = 59*l(b) - 6*n(b). Let t = 5 + -2. What is r(t)?
-6
Let x(b) = -2*b**2 + 90*b + 498. Let u be x(50). Let g(a) = 4*a**2 + a. What is g(u)?
14
Suppose 3*k - w - 4 - 2 = 0, 2*k = -w + 4. Suppose 0 = -4*r - 5 - 7, k*m + r = 5. Let d(h) = -18*h**3 + h + 846*h**2 - 844*h**2 - m*h**3. Determine d(-1).
23
Let r be 60/40*(-44)/(-6). Suppose -15*c - 156 = -r*c. Let k = c - -34. Let p(w) = w**3 + 4*w**2 - 2*w - 1. Calculate p(k).
-16
Let j(h) = 34*h**2 - 2414*h - 5. Let t be j(71). Let c(m) = -m**2 - 13*m - 39. Determine c(t).
1
Let n(i) = -i**3 + 7*i**2 - 9*i - 1. Let u be n(3). Suppose 2*j + 24 - u = 0. Let d(o) = -3*o - 6*o - o**2 + 5 + o. Give d(j).
5
Let b(y) = -2*y**2 - 12*y - 6. Let p = 406 - 396. Suppose -5*m + p = n, 7*m - 4*m - 29 = 4*n. Determine b(n).
4
Let d(m) = m**3 + 0*m**2 + 2*m - 81*m**2 + 41*m**2 + 123 + 41*m**2. Determine d(0).
123
Let y(h) = -17*h + 4 + 17*h + h**2 + 0*h**2. Let a be (6/(-4))/(-10 + (-332)/(-32)). Determine y(a).
20
Let b(u) be the first derivative of -16 + 5/2*u**2 - 4*u. Give b(9).
41
Let x(f) = f**3 - 8*f**2 - 15*f - 19. Suppose 19 = 7*y - 51. What is x(y)?
31
Let m be ((2 + -1)*3)/1. Let z(o) = 2*o**2 - 1637*o + 1. Let u(x) = x**2 - 728*x. Let i(g) = 9*u(g) - 4*z(g). What is i(m)?
-7
Let f be (-5 + 56/(-64)*-4)*(7 - 5). Let q(j) = -j**3 - 4*j**2 - 8*j - 4. Calculate q(f).
11
Suppose 17*t = 12*t + 25. Let m(n) = 5*n**2 - 2*n - t*n**2 - 4*n**2 + 2 + 3*n**2. Suppose -10 = -x - 4*x. Calculate m(x).
-6
Let c(t) be the first derivative of t**7/840 + t**6/60 + t**4/4 + 2*t**3/3 + 6*t - 87. Let n(b) be the third derivative of c(b). Give n(-6).
6
Let r = -4289 + 4289. Let w(v) = -10*v. What is w(r)?
0
Let o(l) = -l**3 - 8*l**2 - 8*l - 6. Suppose -32*n - 35 + 860 = -307*n. Calculate o(n).
-27
Let h(c) be the first derivative of -c**6/180 + c**5/20 - c**4/24 + 16*c**3 + 86. Let s(i) be the third derivative of h(i). What is s(4)?
-9
Let q(n) = n**3 + 8*n**2 - 6*n - 48. Let x be q(-8). Let d(k) be the third derivative of -1/3*k**3 + 0 - 1/15*k**5 + x*k + 26*k**2 - 1/6*k**4. Calculate d(-2).
-10
Let j(c) be the third derivative of -c**5/30 - c**4/6 + c**3/6 + 3*c**2. Let t be (156/(-78))/(4/6). Give j(t).
-5
Let c(p) = -p**3 + 63*p**2 + 341*p - 44. Let o be c(68). Let m(a) = -a**2 + 24*a - 3. What is m(o)?
-3
Let m(f) = 3*f**2 + 6*f + 4. Let v be m(-3). Let j(z) = 638 - 3*z - 640 + v*z. Give j(3).
28
Let x(o) = o - 9. Suppose -g + 5 = -3*w + 1, -4*g = -2*w - 16. Let t be w/((-7)/21*3). Calculate x(t).
-9
Let z = -16393 + 16386. Let r(i) = -i**3 - 7*i**2 - 4*i - 12. Determine r(z).
16
Suppose 605 = 7*j + 598. Let g be ((-6)/18)/j*-9. Let x(u) = 10*u - 6. What is x(g)?
24
Let v = 4815 + -4821. Let b(a) = 5*a - 21. What is b(v)?
-51
Let q(a) = -15*a**2 + 9*a**2 - 25*a - 15 + a**3 + 29*a**2 - 18. Give q(-24).
-9
Suppose -2*z + 7 = -4*x - 15, 0 = -2*x + 3*z - 9. Let m(j) = -2*j**2 + 63. Calculate m(x).
-9
Let y(d) = d**2 - 36906*d + 5 + 0*d**2 - d**3 + 36899*d. Give y(2).
-13
Let m = -383878 + 383880. Let h(b) be the second derivative of -1/12*b**4 + b + 1/2*b**2 + 0 + 1/6*b**3. What is h(m)?
-1
Let v be (-2)/((-12)/(-9)*4/24). Let n be (8/(-12))/((-21)/v - 2). Let t(m) = -76 + 37 - 2*m + 2*m**2 + 40 - 4*m**2. What is t(n)?
-3
Let t(u) = 12*u + 28. Let m be -5*(5/(-10)*4 + 1). Let o(s) = -4*s - 9. Let a(l) = m*t(l) + 16*o(l). Give a(-3).
8
Suppose -a + 2*t + 75 - 76 = 0, 5*t + 10 = 0. Let m(b) = 0 + 2 + 2*b + 2. Determine m(a).
-6
Let m(s) = 2420*s + 2263*s + 209 - 4726*s. What is m(5)?
-6
Let j(m) = 73*m - 428. Suppose 5*d = -3*x + 54, -17*d + 18*d = 4*x - 26. Determine j(d).
10
Suppose 5 = -2*h - 3. Let p(f) = -5*f + 47. Let d be p(8). Let b(x) = -4 - d*x - 7*x**2 + 13*x**2 - 8*x**2. Give b(h).
-8
Let p(h) = -14*h - 20*h - 21*h + 16*h - 8*h**2 + 2 + 38*h. What is p(1)?
-7
Suppose -3*t - 2*k = -2460, -4*t - 4*k + 3275 = -3*k. Let l = t - 822. Let u(j) = -4*j - 7. What is u(l)?
9
Let c(z) = -439*z - 433. Let h be c(-1). Let l(q) = q**2 - 6*q + 9. Let o(m) = -m**2 + 6*m - 10. Let g(k) = -3*l(k) - 2*o(k). Give g(h).
-7
Let u(q) = 7*q**3 - q**2 - 9*q - 14. Let i be u(-3). Let h = i + 178. Let k(z) = -z**3 - 8*z**2 - 10*z + 3. Give k(h).
24
Let r(d) be the third derivative of 47*d**5/60 + 5*d**4/24 - d**3/2 + 3*d**2 - 2*d + 1382. What is r(1)?
49
Let s be (-9 + -4)*(2 - 3). Let z(c) = -c - 3. Let y be z(5). Let g = s + y. Let j(t) = 3*t - 5. Determine j(g).
10
Let a(n) be the third derivative of 15*n**2 + 1/60*n**5 + 0 - 5/24*n**4 + 2*n - n**3. Determine a(6).
0
Let r(z) be the third derivative of -z**6/5 - z**5/30 + z**3/6 - 3*z**2 + 212*z. Calculate r(-1).
23
Suppose 0 = 3*r - 9, 0*v = -v + 2*r - 3. Suppose -4*b - v*n = -b + 9, -2*b + 24 = -4*n. Let j(q) = 165*q - q**b + 0*q**2 - 173*q - 4. Determine j(-8).
-4
Let h be -2 + (-7)/28*-36. Let r(b) = -b + 12. Give r(h).
5
Suppose -5*j = l - 9, 20*j + 13 = 24*j - 5*l. Let q(u) = 7*u + 72*u**2 - 7 - 144*u**j + 71*u**2. Calculate q(5).
3
Let c(t) be the first derivative of -4*t**2 + 71*t - 3062. What is c(6)?
23
Let i(y) be the third derivative of -y**5/30 + 7*y**4/24 + 13*y**3/6 + y**2 + 2*y + 337. Calculate i(5).
-2
Let y(f) = 169*f - 209. Let t be y(6). Let h(q) = 804 - 7*q - 40*q - t. Calculate h(-1).
46
Let x(d) = -d**3 + 17*d**2 + 37*d + 27. Let z = 641 - 622. What is x(z)?
8
Let q = 121 + -224. Let r = q - -103. Let h(b) = -b + 3. Calculate h(r).
3
Suppose 3*d - 5*r + 7 = -3, 0 = -3*d + 2*r - 4. Let u = 144 + -107. Let y(z) = -z - 38*z**2 + u*z**2 - 5 - 4 + 4. Give y(d).
-5
Let s(y) = y**2 + y - 1. Let i = 1 - 0. Let p be s(i). Let c(z) be the first derivative of -8*z**2 - 838. What is c(p)?
-16
Let b(x) = x**3 - 111*x + 341*x - 115*x + 2 - 113*x. Let c = 3 + -2. Let l(h) = h**2 - 1. Let m(v) = c*b(v) + 4*l(v). Calculate m(-3).
1
Let m(p) = -p**3 + 5*p**2. Let s(q) = -5*q**3 + 36*q**2 + 4*q - 2. Let w(c) = -6*m(c) + s(c). Let z = -8 + 10. Suppose -z*o - 5 = -o. Give w(o).
3
Let n(t) = 2*t**2 + 2*t. Suppose 86*q + 109 = 23. Calculate n(q).
0
Let p be 6/(-12)*(-15 - -3). Let n(t) = 8*t - 9. Let a(u) = 3*u - 3. Suppose 0 = 6*r + 17 - 41. Let l(q) = r*n(q) - 11*a(q). What is l(p)?
-9
Let h(m) = -8*m - 60. Let x(v) = -3*v - 27. Let q(o) = -2*h(o) + 5*x(o). Calculate q(8).
-7
Let t = -2 + 4. Let b(x) = 10*x - 12*x + x**2 + 12*x + 5 - t*x. Determine b(-7).
-2
Let y(a) be the third derivative of a**5/30 - a**4/6 - 7*a**3/6 + 2*a**2 - 111. Calculate y(3).
-1
Let s = 3844 - 3842. Let p(h) = 3*h**2 + 5*h - 13. Determine p(s).
9
Let z(f) = 271*f + 2709. Let m be z(-10). Let w(u) be the first derivative of 19*u**3/3 - u**2/2 - u - 1. Give w(m).
19
Let j(h) = 4*h + 77. Let z = -3508 + 3485. What is j(z)?
-15
Let d(s) = s**2 + 5*s - 3. Suppose -18 = -3*o - 18. Let f(n) = -n**3 - n**2 - 3*n + 60. Let m be f(o). Suppose -4*x + 48 = m. Determine d(x).
-9
Let b(k) be the second derivative of -k**5/20 + k**3/2 + 2*k**2 + 2*k + 240. Let z = 1 - 4. Give b(z).
22
Let w(b) = 12 - b + 2*b**2 + 3*b - 4*b**2 - 13. Let h be (-400)/(-180) + (8/(-18))/2. Calculate w(h).
-5
Let p(k) = -k**3 - 3*k**2 + k + 1. Let t(i) = 2*i**2 - 4*i + 1. Let v be t(3). Let w(d) = 2*d - 4*d - 25 - 6*d + v*d. Let s be w(-22). Calculate p(s).
-2
Let d = 1986 + -1986. Let i(w) be the first derivative of -w**7/840 - w**6/360 + 5*w**4/24 - w**3 - 5. Let v(j) be the third derivative of i(j). What is v(d)?
5
Let b(i) = -6*i - 7. Let h(q) = -5*q + 7. Let t(g) = 2*g. Let s(r) = -h(r) - 4*t(r). Let a(v) = 2*b(v) - 3*s(v). Calculate a(-6).
25
Let i(p) = -4*p**2 + 9*p**2 + 259738 + 2*p - 259735. Let u be (-2)/11 - (-48)/22. Let t(h) = 26*h**2 + 10*h + 16. Let z(a) = u*t(a) - 11*i(a). Give z(-2).
-9
Let d(y) be the second derivative of y**6/120 - y**5/60 - y**4